+ -30 + 35 + 38 is divided by ((-11)/3)/((-1)/9).
32
Let t(n) = 8*n - 14 - 22 + n - 24. Calculate the remainder when 130 is divided by t(14).
64
Let t = -32 + 36. Suppose -t*q + 0*q = 5*p - 80, p - 3*q + 3 = 0. Calculate the remainder when 22 is divided by p.
10
Let n = 76 + -109. Let s = n - -32. Calculate the remainder when 76 + 0/(s - 2) is divided by 20.
16
Suppose u + 25*u + u - 92637 = 0. Calculate the remainder when u is divided by 52.
51
Let o = 149 - 147. Suppose -24*v + 26 = o*m - 26*v, -v = 2*m - 38. Suppose 0 = 5*g - 37 - 8. Calculate the remainder when m is divided by g.
8
Suppose 3*b = -h + 18248, -41*b = 5*h - 38*b - 91204. What is the remainder when h is divided by 120?
119
Calculate the remainder when 9175 is divided by (11 + (2 - (7 + -1)))*1612/182.
61
Suppose 17*r - 109*r = -2944. What is the remainder when 87 is divided by r?
23
Let a = 3724 - 2364. Let m be (12/5)/((-32)/a). What is the remainder when 135 is divided by (-3*(-2)/6)/((-3)/m)?
33
Suppose -794 = -5*n + 701. What is the remainder when n is divided by 5 + -19 + 2 - -42?
29
Suppose -4*r - 24 = n, 7*r - 4*r = -5*n - 103. Let l(x) = -x**3 - 20*x**2 - 2*x + 5. What is the remainder when l(n) is divided by 43?
2
Suppose -p = -2*o + 31 - 12, -3*p = o - 27. Let g(j) = 22*j - 137. Let w be g(6). Calculate the remainder when (-6)/(-18)*(w - 4) + 49 is divided by o.
10
Let u(j) = 0*j + 3*j - 3*j + 7 + 2*j. Let y be u(-2). Suppose 20 = -r - y*r, 17 = t + 3*r. What is the remainder when t is divided by 13?
6
Suppose 2403 + 2607 + 12665 = 35*r. Calculate the remainder when r is divided by 50.
5
Let j(f) = 2*f**3 + 21*f**2 + 3*f - 12. What is the remainder when j(4) is divided by 144?
32
Suppose 791 - 773 = 6*q. Calculate the remainder when 108 is divided by 8 + (-6)/q + 40.
16
Let u = 97 - 53. Let m(h) = 9*h + 105. Calculate the remainder when u is divided by m(-9).
20
Let u = -154 - -161. Suppose u*m + 850 = 3279. Calculate the remainder when m is divided by 35.
32
Suppose 3*w - 9*w + 1034 = 5*w. What is the remainder when w is divided by 27?
13
Let m(g) = -g**3 - 15*g**2 + 19*g + 25. Let p be m(-17). Calculate the remainder when (298/5)/((p/50)/14) is divided by 76.
73
Suppose 15 - 41 = 154*t - 180*t. Let c be (-2)/3 + (-16)/(-6). Suppose 0 = c*l - l - 5. What is the remainder when l is divided by t?
0
Let a = 222 + -134. Suppose -12*b = -a - 536. What is the remainder when b is divided by 11?
8
Suppose -q - q = 150. Let f = -68 - q. Suppose f*w = 3*w + 136. What is the remainder when w is divided by 7?
6
Let s(z) = -z**2 + 26*z + 100. Suppose q + 4*v = 32, -3 - 87 = -4*q + 3*v. What is the remainder when q is divided by s(29)?
11
Let w = 305 + -262. Let f(d) = -d**2 + 65*d + 64. What is the remainder when f(w) is divided by 92?
90
Let c = 29230 + -29221. Suppose 42 = i - 0*i. Calculate the remainder when i is divided by c.
6
Let f be 97*6/(4 + -1). Suppose 0 = 5*o + j + 4 + f, 4*o + 150 = 2*j. Let l = 66 + o. Calculate the remainder when 51 is divided by l.
24
Let c = -741 + 748. Let r(q) = -2*q**2 + 18*q + 27. What is the remainder when r(c) is divided by 12?
7
Suppose 14 = -2*y + 100. Let j = y - 30. Calculate the remainder when 18 is divided by j.
5
Let v(b) = -b**3 + 6*b**2 - 15. Let q = -33 - -37. Suppose -q*p - 3*z + 87 = -p, -z + 125 = 4*p. Calculate the remainder when p is divided by v(4).
15
Let a(l) = 2*l**2 - 15*l + 31. Let i be a(13). Let g = 326 - i. Let c = g + -120. Calculate the remainder when 125 is divided by c.
29
Suppose 90*p - 7800 = 35*p + 40*p. What is the remainder when 1045 is divided by p?
5
Suppose 3*h - 29 = 130. Suppose 0 = 10*i - 7 - 73. What is the remainder when h is divided by i?
5
Let z = 976 + -867. What is the remainder when 359 is divided by z?
32
Suppose -40*l + 6*l = 28*l - 9362. Calculate the remainder when 282 is divided by l.
131
Let d(p) = -p**3 + p**2 + 20. Let k(j) = j**3 - 4*j**2 - 16*j - 4. Let a be k(5). Let g = 59 + a. Calculate the remainder when 78 is divided by d(g).
18
Let z = 205 - 201. Suppose 631 = z*t + 39. Calculate the remainder when t is divided by 38.
34
Calculate the remainder when 115 is divided by 20 + (-6 - -2*3*(-1)/(-2)).
13
Suppose 5*j - 6*j = v, 2*v - 14 = 5*j. What is the remainder when -2 - (125/(-5) - j) is divided by 6?
3
Let o = 874 - 797. Let d be -3*4/6 + 9. Suppose 2*x - d*x = -135. Calculate the remainder when o is divided by x.
23
Let p = 586 + -401. Suppose -4*h + p = -159. Calculate the remainder when h is divided by 44.
42
Suppose 0 = 4*k - 950 - 354. Let r = -687 + 742. Calculate the remainder when k is divided by r.
51
Let l be (-63)/(-27) + 2/(-6). Let w be 2/l + 48/(-6). Let c(s) = s**2 + 5*s + 11. What is the remainder when 72 is divided by c(w)?
22
Suppose -3*l + 8*l = 25. Let g = 585287 + -585219. Calculate the remainder when g is divided by l.
3
Let l(p) = -30*p + 153. Let c be l(5). What is the remainder when c*((-1)/((-4)/52) - 4) is divided by 9?
0
What is the remainder when 371 is divided by 23798/68 + (-827)/(-28118)?
21
Suppose 14*i - 330 = 310 - 192. What is the remainder when 603 is divided by i?
27
Let u = 14616 + -14377. Let y = -5 + 32. What is the remainder when u is divided by y?
23
Let a(z) = -z**3 - z**2 + z + 15. Suppose -4*r = -4*b - 1776, 6*r - 2*r - 3*b = 1780. What is the remainder when r is divided by a(0)?
13
Suppose -33*k + 38*k - 85 = -5*n, 3*n + 25 = k. What is the remainder when (-210)/((-50)/10)*k/3 is divided by 34?
28
Let t be ((-57)/6 + 6)*2. Calculate the remainder when 95 is divided by -6 + 7/t - -20.
4
Let o(i) = i**3 + 18*i**2 + 44*i + 33. What is the remainder when 267 is divided by o(-15)?
27
Suppose 1825 = -5*n - 5*g, -6*n + 2*g - 1825 = -n. Let x = n + 463. What is the remainder when x is divided by 36?
26
Let f = -392 + 400. Let l(o) = o**3 - 6*o**2 - 9*o + 3. Calculate the remainder when l(f) is divided by 15.
14
Let v be (0 - 2) + 3 - 1. Let u(q) = 8*q - 36. Let n be u(5). Suppose v = -j - n*j + 35. Calculate the remainder when j is divided by 5.
2
Suppose 12*t + t = -3454 + 17871. Calculate the remainder when t is divided by 139.
136
Suppose 262 = 13*j + 67. Let i = -319 + 371. What is the remainder when i is divided by j?
7
Suppose 2*q = -5*b + 377, 5*b - 5*q + 708 = 1078. Calculate the remainder when 771 is divided by b.
21
Let u = 86 + -49. Suppose 3*y + 2*g - 42 = -2*g, -g = -4*y + u. Let p(b) = 19*b - 162. What is the remainder when p(10) is divided by y?
8
Let g(f) = -28*f + 1671. Calculate the remainder when g(54) is divided by 23.
21
Let b = -285 + 287. Calculate the remainder when 69 is divided by 3/(-6) + 71/b.
34
Let q(g) = -32*g - 6. Calculate the remainder when 1391 is divided by q(-2).
57
Let u(b) = -b**2 + 24*b - 25. Let r be u(19). Suppose -75 = -f + r. What is the remainder when 1*(-18)/6 + f + 1 is divided by 29?
27
Let l = 25116 + -25085. Let f = -99 - -185. What is the remainder when f is divided by l?
24
Suppose 1783 - 633 = 230*z. Let o = 133 + -72. What is the remainder when o is divided by z?
1
Let c = -8618 + 8821. Calculate the remainder when c is divided by 35.
28
Suppose -137*b - 4455 = -11716. What is the remainder when 211 is divided by b?
52
Suppose -4*z - 452 = -58*i + 56*i, 8 = -4*z. What is the remainder when 498 is divided by i?
54
Let x = -978 + 979. Let s = 5 - 1. Let h = 9 - s. Calculate the remainder when h is divided by x.
0
What is the remainder when (-6 - 24/(-6))*-1367 is divided by 681?
10
Suppose 0 = 2*c - 4*z - 78, 0 = -3*c + 7*c + z - 201. Let v = c + 202. Calculate the remainder when v is divided by 18.
17
Suppose -x - p = 4*p - 110, 118 = x + p. Suppose -o - r = -x, 3*r + r = 2*o - 246. Calculate the remainder when o is divided by ((-41)/(-5))/(11/55).
39
Suppose 22487 - 20717 = 15*l. What is the remainder when 229 is divided by l?
111
Let d(p) = 11*p**2 - 23*p - 63. Calculate the remainder when d(7) is divided by 136.
43
Let n be (4 + 116/(-8))*8/(-6). Suppose 2*m = -5*c + 74, 3*c - 13 + 1 = 0. Let k = m - n. Calculate the remainder when 89 is divided by k.
11
Let z be 6 - (-23 - -7)/(-8). Suppose -1583 = -z*o - 4*j + 349, 0 = 4*o + j - 1926. Calculate the remainder when o is divided by 11.
8
Let m(b) = 38*b**2 - 161*b + 15. Calculate the remainder when m(5) is divided by ((-4)/15 + (-16